 Is -4 + (-1)/(3/c) composite?
False
Let b(r) = -1. Let d(w) = -w**3 - 24*w**2 - 15*w. Let k(o) = -2*b(o) - d(o). Is k(-19) prime?
False
Let v = 74962 + 20377. Is v prime?
True
Suppose 0 = 4*y - 2*k - 319022, -55*y + 4*k - 79769 = -56*y. Is y a prime number?
True
Let o = -2531 - -1614. Is (o + -1 + -3)/(-3 + 2) a composite number?
True
Let m(k) = 86*k**2 - 24*k + 141. Let f(o) = 56*o - 50. Let y be f(1). Is m(y) composite?
True
Let t(g) = 3*g - 28. Suppose 5*h + u - 50 = 5*u, -2*h + 20 = -2*u. Let z be t(h). Suppose 2*r + 0*r + 4*w = 114, -3*r + z*w = -131. Is r prime?
True
Let j = 7677 + -1038. Suppose 2*v + 3*g = 5246, -4*v + g = -j - 3825. Is v composite?
False
Let m(d) = d**2 - 14*d + 15. Let k be m(13). Suppose l = k*l + 1. Is 154/1 + l + 4 a composite number?
False
Suppose 4 = 6*f - 10*f, 3*y = -2*f + 46633. Is y a composite number?
True
Suppose 12 = -3*a - 51. Let m be (-7)/(a/(-18))*2/(-4). Suppose m*k - 657 = 12. Is k prime?
True
Let v be (2/(-6) - -1)*(-870)/(-20). Let r(b) = 318*b - v + 22 + 167*b + 255*b. Is r(1) prime?
True
Let g(o) = o**3 + 19*o**2 - 21*o - 15. Let c be g(-20). Suppose c*x + 9 = 34. Suppose 3*t - 677 = t - 3*s, -x*t - 5*s + 1690 = 0. Is t composite?
False
Suppose -2*y + 40 = 32. Suppose -y*v = -5*v - 1. Is (v + 5 + -3)*211 a composite number?
False
Suppose -m - 50 = -4*o + 3*o, m + 50 = -4*o. Let q = m - 115. Let l = q + 322. Is l a composite number?
False
Let u(g) = 471*g + 2. Let m(l) = 941*l + 7. Let w(a) = -3*m(a) + 5*u(a). Is w(-1) composite?
False
Let t = -45 + 35. Let v be t/6 + 2 - 9/27. Suppose 5*d + 87 = -5*y + 7452, v = -4*y - 16. Is d a prime number?
False
Suppose 4*i - 4*s - 12 = 0, 4*i - 4*s = -i + 15. Suppose 2*n - 29290 = i*q - 7*q, 4*n + 14630 = 2*q. Is q composite?
False
Let w(l) = -6*l + 1323. Let x be w(0). Suppose -x - 355 = -2*p. Is p a composite number?
False
Let g(o) be the second derivative of 109*o**5/120 - o**4/6 - 3*o**3 + 22*o. Let h(s) be the second derivative of g(s). Is h(3) prime?
False
Suppose 2*a + 18 - 22 = 0. Suppose h - 26 = a*h. Let d = 107 - h. Is d a prime number?
False
Suppose -4*l = 13*h - 15*h - 8, 2*h + 8 = -l. Suppose -113*r + 108*r + 30605 = l. Is r a composite number?
False
Let o(q) = 112*q**3 + 6*q**2 - 9*q + 5. Let x(f) = -f**3 + f**2. Let g(w) = o(w) - 3*x(w). Is g(4) a prime number?
False
Let u = -50 - -70. Suppose -u = -23*n + 27*n. Is 10071/6 - n/10 prime?
False
Suppose 4*o - 2*v = 14, 5*o + 2*v = 9 + 4. Suppose 4*y = -3*f - 2*f + 34903, o*f = -3*y + 26178. Is y a prime number?
False
Let a = -16367 - -25568. Let h = a - 2954. Is h prime?
True
Suppose 5*n - 4*b = 387227, -3*b - 145165 - 9723 = -2*n. Is n composite?
False
Let p = 607 - -341. Let g = p + -407. Is g composite?
False
Let y(a) = -a**3 - 10*a**2 + 36*a + 47. Let f be y(-23). Let p = -3278 + f. Is p a prime number?
False
Suppose -k = 5*w - 7*w - 20941, 4*k - 83804 = -2*w. Is k composite?
True
Let m = 8 + 9. Let t(n) = 2611 - 2603 - 7*n**2 + n**3 - 15*n**2 + 7*n**2 - 15*n. Is t(m) a prime number?
True
Let t(p) = -221*p**3 - 12*p**2 - 11*p - 51. Is t(-5) composite?
False
Suppose -311*m + 874669 + 30890560 = 0. Is m a prime number?
True
Let g(m) = m**2 - 77*m + 503087. Is g(0) composite?
True
Suppose -4*z + 2959 + 15083 = 5*f, 4*z - 3*f - 18058 = 0. Let g be (5095/2)/((-3)/(-12)). Let s = g - z. Is s composite?
True
Let g be 54/144 - (-154)/16. Suppose g*y - 28254 + 5084 = 0. Is y a prime number?
False
Suppose -k = -5 - 7. Suppose -4*b + 12 = k. Suppose b*a = -2*a + 70. Is a composite?
True
Suppose -14438460 = 125*d - 185*d. Is d a prime number?
True
Suppose -5*y + 5*k = -1469335, y = 5*y + 2*k - 1175432. Is y composite?
False
Suppose -855 = -3*y - 3903. Let b = y + 602. Let u = -213 - b. Is u a prime number?
False
Suppose 0 = 42*r - 43*r - 12. Let w be ((-9)/r)/(-3) + 119/28. Suppose -5*l = w*b - 3417, 4*l = -l + 5. Is b a prime number?
True
Let z(t) = 16368*t**2 - 19*t + 49. Is z(2) a prime number?
False
Let w be (-3)/2 + 1/2. Let j(h) = 1653*h - 32. Let a(m) = -827*m + 15. Let f(q) = 7*a(q) + 3*j(q). Is f(w) composite?
False
Let w(h) = 269 - 316 - 111*h - 759*h. Is w(-4) a prime number?
True
Suppose -3*k - 43063 = 7661. Let z = k - -35035. Suppose -z = -13*o - 2930. Is o a prime number?
False
Suppose -906 = -2*x + 232. Let l = -221 + x. Suppose 0 = n + 4*s - 73, 4*n - s + 3*s = l. Is n prime?
True
Let k = 1263 - 340. Suppose -k - 412 = -3*w. Suppose 7*q - 415 = -5*g + 3*q, 2*q + w = 5*g. Is g a prime number?
False
Let v(f) = -220*f**3 + 9*f**2 - 7*f - 57. Is v(-7) composite?
True
Suppose 12 = -15*s + 17*s. Let o be (24/(-36))/((-2)/s). Is (5/(-10))/(o/(-44108)) a prime number?
True
Suppose -h + 21601 + 354 = 3*c, 0 = 2*h - 3*c - 43874. Is h a prime number?
True
Let g = -37 + -14. Let d = -49 - g. Suppose 5*v - 4*s - 6549 = 0, 0*s = -2*v - d*s + 2634. Is v a prime number?
False
Let u(v) = v**3 - 7*v**2 - 8*v - 1. Let f be u(8). Let k(n) = 393*n**2 + 240*n**2 + 263*n**2 + 130*n**2 - n. Is k(f) composite?
True
Let c(a) = 2*a**3 + 3*a**2 + 4*a - 3. Let r = 11 + -8. Let q be c(r). Suppose -q = -5*h - h. Is h a prime number?
False
Let a(j) be the second derivative of -155*j**3/3 - 141*j**2/2 - j + 41. Is a(-12) a prime number?
False
Let d(t) = 94714*t - 4835. Is d(3) composite?
True
Suppose -4*w + 65844 = -9*w + r, -2*r = 4*w + 52678. Let v = 21154 + w. Is v prime?
False
Let n = -237663 - -387794. Is n a composite number?
False
Suppose -12 = -2*g + 3*u, -2*u - 10 = 3*g - 5*g. Let n(y) = 0*y + g*y**2 + 8 - y**2 + 5*y**2 - 2*y. Is n(-13) prime?
True
Is (-175552)/(-80) - 6/(-10) a composite number?
True
Let d = 240 - 235. Suppose -258 = -d*r + 187. Is r a composite number?
False
Is (((-78575)/(-20))/35)/(2/1784) prime?
False
Let z be -2 - (-1 - (-1 + 0)). Let b(u) = 753*u**2 + u + 5. Let o be b(z). Suppose 0 = 9*l - 12366 - o. Is l prime?
True
Suppose -14*d + 1077206 = -328590. Is d prime?
False
Suppose 5*n + 5*b = 4*b + 15, 2*b - 12 = -n. Suppose -c - 4*s = -4*c + 6011, -5*c = n*s - 10027. Is c a composite number?
True
Let t = -106 - -103. Suppose 6*k - 2*k = -b + 12, -3*k + 9 = -2*b. Is 15596/k + -1 + 2/t a composite number?
False
Let a be (3/12)/((14/(-97256))/(-7)). Suppose -5*r - m + 20220 = 4*m, -3*r = -2*m - a. Is r a composite number?
False
Let c(a) = 30*a + 133*a - 103 + 5*a**2 + 75. Is c(-33) a prime number?
False
Suppose 0 = 101*j - 104*j + 45. Suppose -j*i + 122633 = -8*i. Is i prime?
True
Let x(q) = 2*q**3 - 2*q**2 - 7*q - 9. Suppose -31*d = -148 - 100. Is x(d) prime?
False
Suppose 4*f + 801275 = 4*j - 350409, j = 5*f + 287937. Is j a composite number?
True
Let y = 65307 - 20824. Is y a prime number?
True
Let b(i) = -32*i**2 + 6*i + 12. Let g be b(-2). Let s = g + 127. Let u(w) = 1037*w**2 - 6*w - 4. Is u(s) a composite number?
False
Let c be (-14)/(-6) - ((-84)/(-18))/(-7). Let r = c - -1. Suppose -r*o = -7*o + 2217. Is o prime?
True
Let t(w) = -3*w**2 - w + 36. Let z be t(-6). Let u = z - -4288. Is u composite?
True
Let b be (1 - (-1893)/15)*(-2800)/(-336). Suppose 2*s + s = 0. Suppose s = -5*l + 9*l - b. Is l a composite number?
True
Let f(l) = 89*l**2 + 38*l + 224. Let i be f(-5). Let t = i - 1280. Is t composite?
True
Let j(h) = -38*h**2 + 3. Let p be j(2). Let m be (2700/5)/(-1 - 15/(-6)). Let d = p + m. Is d a composite number?
False
Suppose 6*k = 4*k + 980. Suppose -11*u = -u - k. Suppose -u*l + 48*l + 6805 = 0. Is l a composite number?
True
Let q = 401 - 396. Suppose -q*o + 2191 = y - 1738, 5*y - 5*o - 19765 = 0. Is y a prime number?
False
Suppose 0 = 3*i - 2*z - 78083, -33*z - 26019 = -i - 28*z. Is i a composite number?
False
Suppose -3*p + 5*a + 22 = -2, 4*a + 18 = 2*p. Is (0 + -1)*(-135843)/p a prime number?
True
Let t(a) = a**3 + 4*a**2 - 16*a - 54. Let g be t(30). Let v = -17411 + g. Is v composite?
True
Let t be (1612/(-24)*2)/((-1)/12). Let p = 3269 - t. Is p a prime number?
True
Suppose 0 = -4*t + 5*r - 10946, -7*t + 3*t + 4*r = 10948. Let l = -556 - t. Is l composite?
True
Let c(d) = d**3 + 5*d**2 - 22*d - 93. Let q be c(-6). Suppose -q*w + 51813 - 16464 = 0. Is w a prime number?
True
Suppose 5*y + 2*c - 13260 = 0, -1927 - 707 = -y - 4*c. Let r be (-1)/(-4 - (-10617)/y). Let a = -1395 - r. Is a a composite number?
False
Let f be (-36062)/(-4)*17/((-17)/(-2)). Suppose -4*q - 